{"id":308,"date":"2013-11-29T09:22:16","date_gmt":"2013-11-29T08:22:16","guid":{"rendered":"https:\/\/www.maxime-gillio.com\/maxime-gillio\/?page_id=308"},"modified":"2016-01-27T15:52:08","modified_gmt":"2016-01-27T14:52:08","slug":"ateliers-decriture","status":"publish","type":"page","link":"https:\/\/www.maxime-gillio.com\/maxime-gillio\/ateliers-decriture\/","title":{"rendered":"Les ateliers d&rsquo;\u00e9criture de Maxime Gillio"},"content":{"rendered":"<p>[et_pb_section admin_label=\u00a0\u00bbSection\u00a0\u00bb fullwidth=\u00a0\u00bbon\u00a0\u00bb specialty=\u00a0\u00bboff\u00a0\u00bb transparent_background=\u00a0\u00bboff\u00a0\u00bb background_color=\u00a0\u00bb#143333&Prime; allow_player_pause=\u00a0\u00bboff\u00a0\u00bb inner_shadow=\u00a0\u00bboff\u00a0\u00bb parallax=\u00a0\u00bboff\u00a0\u00bb parallax_method=\u00a0\u00bboff\u00a0\u00bb padding_mobile=\u00a0\u00bboff\u00a0\u00bb make_fullwidth=\u00a0\u00bboff\u00a0\u00bb use_custom_width=\u00a0\u00bboff\u00a0\u00bb width_unit=\u00a0\u00bbon\u00a0\u00bb make_equal=\u00a0\u00bboff\u00a0\u00bb use_custom_gutter=\u00a0\u00bboff\u00a0\u00bb][et_pb_fullwidth_post_title admin_label=\u00a0\u00bbTitre du poste en pleine largeur\u00a0\u00bb title=\u00a0\u00bbon\u00a0\u00bb meta=\u00a0\u00bboff\u00a0\u00bb author=\u00a0\u00bbon\u00a0\u00bb date=\u00a0\u00bbon\u00a0\u00bb categories=\u00a0\u00bbon\u00a0\u00bb comments=\u00a0\u00bbon\u00a0\u00bb featured_image=\u00a0\u00bboff\u00a0\u00bb featured_placement=\u00a0\u00bbbelow\u00a0\u00bb parallax_effect=\u00a0\u00bbon\u00a0\u00bb parallax_method=\u00a0\u00bbon\u00a0\u00bb text_orientation=\u00a0\u00bbleft\u00a0\u00bb text_color=\u00a0\u00bbdark\u00a0\u00bb text_background=\u00a0\u00bbon\u00a0\u00bb text_bg_color=\u00a0\u00bbrgba(221,217,217,0)\u00a0\u00bb title_all_caps=\u00a0\u00bboff\u00a0\u00bb use_border_color=\u00a0\u00bboff\u00a0\u00bb border_color=\u00a0\u00bb#ffffff\u00a0\u00bb border_style=\u00a0\u00bbsolid\u00a0\u00bb module_bg_color=\u00a0\u00bb#353535&Prime; title_text_color=\u00a0\u00bb#d1b61f\u00a0\u00bb title_font_size=\u00a0\u00bb34px\u00a0\u00bb custom_padding=\u00a0\u00bb|||-20px\u00a0\u00bb]<\/p>\n<p>[\/et_pb_fullwidth_post_title][\/et_pb_section][et_pb_section admin_label=\u00a0\u00bbsection\u00a0\u00bb][et_pb_row admin_label=\u00a0\u00bbrow\u00a0\u00bb][et_pb_column type=\u00a0\u00bb4_4&Prime;][et_pb_text admin_label=\u00a0\u00bbTexte\u00a0\u00bb background_layout=\u00a0\u00bblight\u00a0\u00bb text_orientation=\u00a0\u00bbleft\u00a0\u00bb use_border_color=\u00a0\u00bboff\u00a0\u00bb border_color=\u00a0\u00bb#ffffff\u00a0\u00bb border_style=\u00a0\u00bbsolid\u00a0\u00bb]<\/p>\n<p style=\"text-align: justify;\"><a href=\"https:\/\/www.maxime-gillio.com\/maxime-gillio\/wp-content\/uploads\/2012\/05\/Max-Furnes.jpg\"><img loading=\"lazy\" decoding=\"async\" class=\"alignleft size-medium wp-image-196\" title=\"Max-Furnes\" src=\"https:\/\/www.maxime-gillio.com\/maxime-gillio\/wp-content\/uploads\/2012\/05\/Max-Furnes-199x300.jpg\" alt=\"\" width=\"199\" height=\"300\" srcset=\"https:\/\/www.maxime-gillio.com\/maxime-gillio\/wp-content\/uploads\/2012\/05\/Max-Furnes-199x300.jpg 199w, https:\/\/www.maxime-gillio.com\/maxime-gillio\/wp-content\/uploads\/2012\/05\/Max-Furnes.jpg 300w\" sizes=\"(max-width: 199px) 100vw, 199px\" \/><\/a>Il m\u2019arrive r\u00e9guli\u00e8rement de faire des interventions en milieu scolaire, dans les m\u00e9diath\u00e8ques ou de me pr\u00eater au jeu des tables rondes : ateliers d\u2019\u00e9criture sur des p\u00e9riodes plus moins longues, interventions ponctuelles sur le m\u00e9tier d\u2019\u00e9crivain ou d\u2019\u00e9diteur, animations de conf\u00e9rences avec d\u2019autres auteurs\u2026<\/p>\n<p style=\"text-align: justify;\">De la primaire (gr\u00e2ce \u00e0 mes contes pour enfants) aux classes pr\u00e9paratoires ou sp\u00e9cialis\u00e9es dans les m\u00e9tiers du livre, j\u2019interviens avec des publics vari\u00e9s, de tous les \u00e2ges et de tous horizons.<\/p>\n<p style=\"text-align: justify;\">C\u2019est un exercice que j\u2019affectionne particuli\u00e8rement. Allez, pour une fois, je vais me la raconter un peu. Sont-ce mes douze ans de professorat dans ma pr\u00e9c\u00e9dente vie ? Toujours est-il que je ne rechigne pas \u00e0 parler devant une assembl\u00e9e, et que c\u2019est une activit\u00e9 qui me rend, si ce n\u2019est nostalgique, du moins heureux.<\/p>\n<p style=\"text-align: justify;\">C\u2019est un peu une seconde nature : capter l\u2019attention du plus grand nombre, \u00eatre dans l\u2019interactivit\u00e9, utiliser mes ficelles habituelles (humour et provocation gentille) pour obliger l\u2019auditeur \u00e0 r\u00e9agir, bref, provoquer un \u00e9change, un vrai. De quoi donner des regrets \u00e0 l\u2019\u00c9ducation nationale !<\/p>\n<p style=\"text-align: justify;\">Alors si vous \u00eates enseignants, documentalistes ou biblioth\u00e9caires, et que vous voulez que j\u2019intervienne pour parler du roman policier ou du m\u00e9tier d\u2019\u00e9crivain, que j\u2019anime un atelier d\u2019\u00e9criture ou que je m\u00e8ne un projet avec vos \u00e9l\u00e8ves, n\u2019h\u00e9sitez pas \u00e0 me contacter via le <a title=\"Contact\" href=\"https:\/\/www.maxime-gillio.com\/maxime-gillio\/contact\/\">formulaire de contact<\/a> du site.<\/p>\n<p>[\/et_pb_text][\/et_pb_column][\/et_pb_row][\/et_pb_section]<\/p>\n","protected":false},"excerpt":{"rendered":"<p>Il m\u2019arrive r\u00e9guli\u00e8rement de faire des interventions en milieu scolaire, dans les m\u00e9diath\u00e8ques ou de me pr\u00eater au jeu des tables rondes : ateliers d\u2019\u00e9criture sur des p\u00e9riodes plus moins [&hellip;]<\/p>\n","protected":false},"author":1,"featured_media":196,"parent":0,"menu_order":0,"comment_status":"open","ping_status":"open","template":"","meta":{"_acf_changed":false,"_et_pb_use_builder":"on","_et_pb_old_content":"<p style=\"text-align: justify;\"><a href=\"https:\/\/www.maxime-gillio.com\/maxime-gillio\/wp-content\/uploads\/2012\/05\/Max-Furnes.jpg\"><img class=\"alignleft size-medium wp-image-196\" title=\"Max-Furnes\" src=\"https:\/\/www.maxime-gillio.com\/maxime-gillio\/wp-content\/uploads\/2012\/05\/Max-Furnes-199x300.jpg\" alt=\"\" width=\"199\" height=\"300\" \/><\/a>Il m\u2019arrive r\u00e9guli\u00e8rement de faire des interventions en milieu scolaire, dans les m\u00e9diath\u00e8ques ou de me pr\u00eater au jeu des tables rondes\u00a0: ateliers d\u2019\u00e9criture sur des p\u00e9riodes plus moins longues, interventions ponctuelles sur le m\u00e9tier d\u2019\u00e9crivain ou d\u2019\u00e9diteur, animations de conf\u00e9rences avec d\u2019autres auteurs\u2026<\/p>\r\n<p style=\"text-align: justify;\">De la primaire (gr\u00e2ce \u00e0 mes contes pour enfants) aux classes pr\u00e9paratoires ou sp\u00e9cialis\u00e9es dans les m\u00e9tiers du livre, j\u2019interviens avec des publics vari\u00e9s, de tous les \u00e2ges et de tous horizons.<\/p>\r\n<p style=\"text-align: justify;\">C\u2019est un exercice que j\u2019affectionne particuli\u00e8rement. Allez, pour une fois, je vais me la raconter un peu. Sont-ce mes douze ans de professorat dans ma pr\u00e9c\u00e9dente vie ? Toujours est-il que je ne rechigne pas \u00e0 parler devant une assembl\u00e9e, et que c\u2019est une activit\u00e9 qui me rend, si ce n\u2019est nostalgique, du moins heureux.<\/p>\r\n<p style=\"text-align: justify;\">C\u2019est un peu une seconde nature : capter l\u2019attention du plus grand nombre, \u00eatre dans l\u2019interactivit\u00e9, utiliser mes ficelles habituelles (humour et provocation gentille) pour obliger l\u2019auditeur \u00e0 r\u00e9agir, bref, provoquer un \u00e9change, un vrai. De quoi donner des regrets \u00e0 l\u2019\u00c9ducation nationale !<\/p>\r\n<p style=\"text-align: justify;\">Alors si vous \u00eates enseignants, documentalistes ou biblioth\u00e9caires, et que vous voulez que j\u2019intervienne pour parler du roman policier ou du m\u00e9tier d\u2019\u00e9crivain, que j\u2019anime un atelier d\u2019\u00e9criture ou que je m\u00e8ne un projet avec vos \u00e9l\u00e8ves, n\u2019h\u00e9sitez pas \u00e0 me contacter via le <a title=\"Contact\" href=\"https:\/\/www.maxime-gillio.com\/maxime-gillio\/contact\/\">formulaire de contact<\/a> du site.<\/p>","_et_gb_content_width":"","om_disable_all_campaigns":false,"_monsterinsights_skip_tracking":false,"_monsterinsights_sitenote_active":false,"_monsterinsights_sitenote_note":"","_monsterinsights_sitenote_category":0,"_uf_show_specific_survey":0,"_uf_disable_surveys":false,"footnotes":""},"class_list":["post-308","page","type-page","status-publish","has-post-thumbnail","hentry"],"acf":[],"_links":{"self":[{"href":"https:\/\/www.maxime-gillio.com\/maxime-gillio\/wp-json\/wp\/v2\/pages\/308","targetHints":{"allow":["GET"]}}],"collection":[{"href":"https:\/\/www.maxime-gillio.com\/maxime-gillio\/wp-json\/wp\/v2\/pages"}],"about":[{"href":"https:\/\/www.maxime-gillio.com\/maxime-gillio\/wp-json\/wp\/v2\/types\/page"}],"author":[{"embeddable":true,"href":"https:\/\/www.maxime-gillio.com\/maxime-gillio\/wp-json\/wp\/v2\/users\/1"}],"replies":[{"embeddable":true,"href":"https:\/\/www.maxime-gillio.com\/maxime-gillio\/wp-json\/wp\/v2\/comments?post=308"}],"version-history":[{"count":0,"href":"https:\/\/www.maxime-gillio.com\/maxime-gillio\/wp-json\/wp\/v2\/pages\/308\/revisions"}],"wp:featuredmedia":[{"embeddable":true,"href":"https:\/\/www.maxime-gillio.com\/maxime-gillio\/wp-json\/wp\/v2\/media\/196"}],"wp:attachment":[{"href":"https:\/\/www.maxime-gillio.com\/maxime-gillio\/wp-json\/wp\/v2\/media?parent=308"}],"curies":[{"name":"wp","href":"https:\/\/api.w.org\/{rel}","templated":true}]}}